Last updated on 2020-08-19 01:50:15 CEST.
Flavor | Version | Tinstall | Tcheck | Ttotal | Status | Flags |
---|---|---|---|---|---|---|
r-devel-linux-x86_64-debian-clang | 3.2.19 | 19.15 | 140.68 | 159.83 | OK | |
r-devel-linux-x86_64-debian-gcc | 3.2.19 | 18.88 | 109.93 | 128.81 | OK | |
r-devel-linux-x86_64-fedora-clang | 3.2.19 | 172.43 | OK | |||
r-devel-linux-x86_64-fedora-gcc | 3.2.19 | 164.58 | OK | |||
r-devel-windows-ix86+x86_64 | 3.2.19 | 23.00 | 258.00 | 281.00 | OK | |
r-patched-linux-x86_64 | 3.2.19 | 19.75 | 135.44 | 155.19 | OK | |
r-release-linux-x86_64 | 3.2.19 | 20.31 | 138.94 | 159.25 | OK | |
r-release-macos-x86_64 | 3.2.19 | NOTE | ||||
r-release-windows-ix86+x86_64 | 3.2.19 | 21.00 | 206.00 | 227.00 | OK | |
r-oldrel-macos-x86_64 | 3.2.19 | NOTE | ||||
r-oldrel-windows-ix86+x86_64 | 3.2.19 | 15.00 | 260.00 | 275.00 | OK |
Version: 3.2.19
Check: installed package size
Result: NOTE
installed size is 21.4Mb
sub-directories of 1Mb or more:
dependencies 20.2Mb
Flavors: r-release-macos-x86_64, r-oldrel-macos-x86_64