Last updated on 2020-08-19 01:50:15 CEST.
Flavor | Version | Tinstall | Tcheck | Ttotal | Status | Flags |
---|---|---|---|---|---|---|
r-devel-linux-x86_64-debian-clang | 5.0.0 | 8.22 | 200.54 | 208.76 | OK | |
r-devel-linux-x86_64-debian-gcc | 5.0.0 | 6.60 | 145.81 | 152.41 | OK | |
r-devel-linux-x86_64-fedora-clang | 5.0.0 | 259.06 | NOTE | |||
r-devel-linux-x86_64-fedora-gcc | 5.0.0 | 242.41 | NOTE | |||
r-devel-windows-ix86+x86_64 | 5.0.0 | 23.00 | 262.00 | 285.00 | OK | |
r-patched-linux-x86_64 | 5.0.0 | 7.31 | 188.41 | 195.72 | OK | |
r-patched-solaris-x86 | 5.0.0 | 322.10 | NOTE | |||
r-release-linux-x86_64 | 5.0.0 | 7.52 | 190.90 | 198.42 | OK | |
r-release-macos-x86_64 | 5.0.0 | NOTE | ||||
r-release-windows-ix86+x86_64 | 5.0.0 | 28.00 | 197.00 | 225.00 | OK | |
r-oldrel-macos-x86_64 | 5.0.0 | NOTE | ||||
r-oldrel-windows-ix86+x86_64 | 5.0.0 | 14.00 | 260.00 | 274.00 | OK |
Version: 5.0.0
Check: dependencies in R code
Result: NOTE
Namespaces in Imports field not imported from:
‘DescTools’ ‘MASS’ ‘gridExtra’
All declared Imports should be used.
Flavors: r-devel-linux-x86_64-fedora-clang, r-devel-linux-x86_64-fedora-gcc, r-patched-solaris-x86, r-release-macos-x86_64, r-oldrel-macos-x86_64