CRAN Package Check Results for Package ryandexdirect

Last updated on 2020-08-19 01:50:15 CEST.

Flavor Version Tinstall Tcheck Ttotal Status Flags
r-devel-linux-x86_64-debian-clang 3.6.0 8.61 64.69 73.30 OK
r-devel-linux-x86_64-debian-gcc 3.6.0 7.48 49.24 56.72 OK
r-devel-linux-x86_64-fedora-clang 3.6.0 95.14 NOTE
r-devel-linux-x86_64-fedora-gcc 3.6.0 84.92 OK
r-devel-windows-ix86+x86_64 3.6.0 35.00 115.00 150.00 OK
r-patched-linux-x86_64 3.6.0 8.94 63.19 72.13 OK
r-patched-solaris-x86 3.6.0 126.40 NOTE
r-release-linux-x86_64 3.6.0 7.80 62.97 70.77 OK
r-release-macos-x86_64 3.6.0 OK
r-release-windows-ix86+x86_64 3.6.0 30.00 83.00 113.00 OK
r-oldrel-macos-x86_64 3.6.0 OK
r-oldrel-windows-ix86+x86_64 3.6.0 17.00 100.00 117.00 OK

Check Details

Version: 3.6.0
Check: Rd cross-references
Result: NOTE
    Undeclared package ‘rym’ in Rd xrefs
Flavor: r-devel-linux-x86_64-fedora-clang

Version: 3.6.0
Check: installed package size
Result: NOTE
     installed size is 5.0Mb
     sub-directories of 1Mb or more:
     doc 4.5Mb
Flavor: r-patched-solaris-x86