Last updated on 2020-08-19 01:50:16 CEST.
Flavor | Version | Tinstall | Tcheck | Ttotal | Status | Flags |
---|---|---|---|---|---|---|
r-devel-linux-x86_64-debian-clang | 0.1.2 | 4.97 | 65.88 | 70.85 | OK | |
r-devel-linux-x86_64-debian-gcc | 0.1.2 | 4.51 | 47.56 | 52.07 | OK | |
r-devel-linux-x86_64-fedora-clang | 0.1.2 | 90.27 | NOTE | |||
r-devel-linux-x86_64-fedora-gcc | 0.1.2 | 79.52 | NOTE | |||
r-devel-windows-ix86+x86_64 | 0.1.2 | 17.00 | 103.00 | 120.00 | OK | |
r-patched-linux-x86_64 | 0.1.2 | 4.91 | 61.28 | 66.19 | OK | |
r-patched-solaris-x86 | 0.1.2 | 117.30 | NOTE | |||
r-release-linux-x86_64 | 0.1.2 | 5.80 | 63.13 | 68.93 | OK | |
r-release-macos-x86_64 | 0.1.2 | NOTE | ||||
r-release-windows-ix86+x86_64 | 0.1.2 | 18.00 | 74.00 | 92.00 | OK | |
r-oldrel-macos-x86_64 | 0.1.2 | NOTE | ||||
r-oldrel-windows-ix86+x86_64 | 0.1.2 | 8.00 | 104.00 | 112.00 | OK |
Version: 0.1.2
Check: dependencies in R code
Result: NOTE
Namespace in Imports field not imported from: ‘R6’
All declared Imports should be used.
Flavors: r-devel-linux-x86_64-fedora-clang, r-devel-linux-x86_64-fedora-gcc, r-patched-solaris-x86, r-release-macos-x86_64, r-oldrel-macos-x86_64