CRAN Package Check Results for Package safetyGraphics

Last updated on 2020-08-19 01:50:15 CEST.

Flavor Version Tinstall Tcheck Ttotal Status Flags
r-devel-linux-x86_64-debian-clang 1.1.0 7.49 113.59 121.08 OK
r-devel-linux-x86_64-debian-gcc 1.1.0 6.41 86.95 93.36 OK
r-devel-linux-x86_64-fedora-clang 1.1.0 150.19 NOTE
r-devel-linux-x86_64-fedora-gcc 1.1.0 141.22 NOTE
r-devel-windows-ix86+x86_64 1.1.0 41.00 179.00 220.00 OK
r-patched-linux-x86_64 1.1.0 8.66 112.68 121.34 OK
r-patched-solaris-x86 1.1.0 194.40 NOTE
r-release-linux-x86_64 1.1.0 7.25 112.58 119.83 OK
r-release-macos-x86_64 1.1.0 NOTE
r-release-windows-ix86+x86_64 1.1.0 33.00 121.00 154.00 OK
r-oldrel-macos-x86_64 1.1.0 NOTE
r-oldrel-windows-ix86+x86_64 1.1.0 18.00 124.00 142.00 OK

Check Details

Version: 1.1.0
Check: dependencies in R code
Result: NOTE
    Namespace in Imports field not imported from: ‘shinybusy’
     All declared Imports should be used.
Flavors: r-devel-linux-x86_64-fedora-clang, r-devel-linux-x86_64-fedora-gcc, r-patched-solaris-x86, r-release-macos-x86_64, r-oldrel-macos-x86_64

Version: 1.1.0
Check: installed package size
Result: NOTE
     installed size is 5.2Mb
     sub-directories of 1Mb or more:
     doc 3.3Mb
     htmlwidgets 1.2Mb
Flavor: r-patched-solaris-x86