CRAN Package Check Results for Package santaR

Last updated on 2020-08-19 01:50:15 CEST.

Flavor Version Tinstall Tcheck Ttotal Status Flags
r-devel-linux-x86_64-debian-clang 1.0 5.75 179.23 184.98 OK
r-devel-linux-x86_64-debian-gcc 1.0 4.61 133.94 138.55 OK
r-devel-linux-x86_64-fedora-clang 1.0 223.09 NOTE
r-devel-linux-x86_64-fedora-gcc 1.0 216.59 NOTE
r-devel-windows-ix86+x86_64 1.0 25.00 217.00 242.00 OK
r-patched-linux-x86_64 1.0 5.39 174.87 180.26 OK
r-patched-solaris-x86 1.0 249.70 NOTE
r-release-linux-x86_64 1.0 6.54 175.88 182.42 OK
r-release-macos-x86_64 1.0 NOTE
r-release-windows-ix86+x86_64 1.0 25.00 168.00 193.00 OK
r-oldrel-macos-x86_64 1.0 NOTE
r-oldrel-windows-ix86+x86_64 1.0 14.00 227.00 241.00 OK

Check Details

Version: 1.0
Check: dependencies in R code
Result: NOTE
    Namespace in Imports field not imported from: ‘gridExtra’
     All declared Imports should be used.
Flavors: r-devel-linux-x86_64-fedora-clang, r-devel-linux-x86_64-fedora-gcc, r-patched-solaris-x86, r-release-macos-x86_64, r-oldrel-macos-x86_64