CRAN Package Check Results for Package secrettext

Last updated on 2020-08-19 01:50:16 CEST.

Flavor Version Tinstall Tcheck Ttotal Status Flags
r-devel-linux-x86_64-debian-clang 0.1.0 3.34 36.19 39.53 OK
r-devel-linux-x86_64-debian-gcc 0.1.0 2.97 27.75 30.72 OK
r-devel-linux-x86_64-fedora-clang 0.1.0 56.36 NOTE
r-devel-linux-x86_64-fedora-gcc 0.1.0 45.99 NOTE
r-devel-windows-ix86+x86_64 0.1.0 22.00 59.00 81.00 OK
r-patched-linux-x86_64 0.1.0 3.54 35.32 38.86 OK
r-patched-solaris-x86 0.1.0 72.50 NOTE
r-release-linux-x86_64 0.1.0 3.58 35.24 38.82 OK
r-release-macos-x86_64 0.1.0 NOTE
r-release-windows-ix86+x86_64 0.1.0 18.00 46.00 64.00 OK
r-oldrel-macos-x86_64 0.1.0 NOTE
r-oldrel-windows-ix86+x86_64 0.1.0 8.00 48.00 56.00 OK

Check Details

Version: 0.1.0
Check: dependencies in R code
Result: NOTE
    Namespace in Imports field not imported from: ‘testthat’
     All declared Imports should be used.
Flavors: r-devel-linux-x86_64-fedora-clang, r-devel-linux-x86_64-fedora-gcc, r-patched-solaris-x86, r-release-macos-x86_64, r-oldrel-macos-x86_64