CRAN Package Check Results for Package seeclickfixr

Last updated on 2020-08-19 01:50:16 CEST.

Flavor Version Tinstall Tcheck Ttotal Status Flags
r-devel-linux-x86_64-debian-clang 1.1.0 2.00 20.95 22.95 OK
r-devel-linux-x86_64-debian-gcc 1.1.0 2.18 16.64 18.82 OK
r-devel-linux-x86_64-fedora-clang 1.1.0 37.18 OK
r-devel-linux-x86_64-fedora-gcc 1.1.0 27.89 OK
r-devel-windows-ix86+x86_64 1.1.0 6.00 43.00 49.00 ERROR
r-patched-linux-x86_64 1.1.0 2.85 21.46 24.31 OK
r-patched-solaris-x86 1.1.0 42.60 OK
r-release-linux-x86_64 1.1.0 2.60 20.96 23.56 OK
r-release-macos-x86_64 1.1.0 OK
r-release-windows-ix86+x86_64 1.1.0 7.00 28.00 35.00 ERROR
r-oldrel-macos-x86_64 1.1.0 OK
r-oldrel-windows-ix86+x86_64 1.1.0 4.00 32.00 36.00 ERROR

Check Details

Version: 1.1.0
Check: examples
Result: ERROR
    Running examples in 'seeclickfixr-Ex.R' failed
    The error most likely occurred in:
    
    > ### Name: list_places
    > ### Title: Query sub-city neighborhoods in which issues can be reported.
    > ### Aliases: list_places
    >
    > ### ** Examples
    >
    > list_places("Boston, MA",limit = 5)
    Error in function (type, msg, asError = TRUE) :
     Unknown SSL protocol error in connection to seeclickfix.com:443
    Calls: list_places -> <Anonymous> -> curlPerform -> <Anonymous> -> fun
    Execution halted
Flavors: r-devel-windows-ix86+x86_64, r-release-windows-ix86+x86_64, r-oldrel-windows-ix86+x86_64