Last updated on 2020-08-19 01:50:16 CEST.
Flavor | Version | Tinstall | Tcheck | Ttotal | Status | Flags |
---|---|---|---|---|---|---|
r-devel-linux-x86_64-debian-clang | 1.5.0 | 43.27 | 111.00 | 154.27 | OK | |
r-devel-linux-x86_64-debian-gcc | 1.5.0 | 31.73 | 84.95 | 116.68 | OK | |
r-devel-linux-x86_64-fedora-clang | 1.5.0 | 187.51 | NOTE | |||
r-devel-linux-x86_64-fedora-gcc | 1.5.0 | 179.41 | OK | |||
r-devel-windows-ix86+x86_64 | 1.5.0 | 75.00 | 168.00 | 243.00 | NOTE | |
r-patched-linux-x86_64 | 1.5.0 | 37.19 | 110.83 | 148.02 | OK | |
r-patched-solaris-x86 | 1.5.0 | 233.70 | NOTE | |||
r-release-linux-x86_64 | 1.5.0 | 36.98 | 110.64 | 147.62 | OK | |
r-release-macos-x86_64 | 1.5.0 | NOTE | ||||
r-release-windows-ix86+x86_64 | 1.5.0 | 74.00 | 126.00 | 200.00 | NOTE | |
r-oldrel-macos-x86_64 | 1.5.0 | NOTE | ||||
r-oldrel-windows-ix86+x86_64 | 1.5.0 | 53.00 | 127.00 | 180.00 | NOTE |
Version: 1.5.0
Check: installed package size
Result: NOTE
installed size is 11.6Mb
sub-directories of 1Mb or more:
R 1.7Mb
www 8.6Mb
Flavors: r-devel-linux-x86_64-fedora-clang, r-devel-windows-ix86+x86_64, r-patched-solaris-x86, r-release-macos-x86_64, r-release-windows-ix86+x86_64, r-oldrel-macos-x86_64, r-oldrel-windows-ix86+x86_64