Last updated on 2020-08-19 01:50:16 CEST.
Flavor | Version | Tinstall | Tcheck | Ttotal | Status | Flags |
---|---|---|---|---|---|---|
r-devel-linux-x86_64-debian-clang | 1.0.1 | 8.02 | 46.12 | 54.14 | OK | |
r-devel-linux-x86_64-debian-gcc | 1.0.1 | 6.43 | 34.65 | 41.08 | OK | |
r-devel-linux-x86_64-fedora-clang | 1.0.1 | 72.85 | NOTE | |||
r-devel-linux-x86_64-fedora-gcc | 1.0.1 | 61.29 | NOTE | |||
r-devel-windows-ix86+x86_64 | 1.0.1 | 25.00 | 86.00 | 111.00 | OK | |
r-patched-linux-x86_64 | 1.0.1 | 9.23 | 44.81 | 54.04 | OK | |
r-patched-solaris-x86 | 1.0.1 | 91.30 | NOTE | |||
r-release-linux-x86_64 | 1.0.1 | 8.57 | 44.88 | 53.45 | OK | |
r-release-macos-x86_64 | 1.0.1 | NOTE | ||||
r-release-windows-ix86+x86_64 | 1.0.1 | 30.00 | 64.00 | 94.00 | OK | |
r-oldrel-macos-x86_64 | 1.0.1 | NOTE | ||||
r-oldrel-windows-ix86+x86_64 | 1.0.1 | 13.00 | 59.00 | 72.00 | OK |
Version: 1.0.1
Check: package dependencies
Result: NOTE
Imports includes 22 non-default packages.
Importing from so many packages makes the package vulnerable to any of
them becoming unavailable. Move as many as possible to Suggests and
use conditionally.
Flavor: r-devel-linux-x86_64-fedora-clang
Version: 1.0.1
Check: dependencies in R code
Result: NOTE
Namespaces in Imports field not imported from:
‘R6’ ‘getPass’ ‘svglite’ ‘websocket’
All declared Imports should be used.
Flavors: r-devel-linux-x86_64-fedora-clang, r-devel-linux-x86_64-fedora-gcc, r-patched-solaris-x86, r-release-macos-x86_64, r-oldrel-macos-x86_64