CRAN Package Check Results for Package shinystan

Last updated on 2020-08-19 01:50:16 CEST.

Flavor Version Tinstall Tcheck Ttotal Status Flags
r-devel-linux-x86_64-debian-clang 2.5.0 13.16 125.09 138.25 OK
r-devel-linux-x86_64-debian-gcc 2.5.0 11.39 93.83 105.22 OK
r-devel-linux-x86_64-fedora-clang 2.5.0 179.66 NOTE
r-devel-linux-x86_64-fedora-gcc 2.5.0 160.60 OK
r-devel-windows-ix86+x86_64 2.5.0 45.00 221.00 266.00 OK
r-patched-linux-x86_64 2.5.0 12.30 120.53 132.83 OK
r-patched-solaris-x86 2.5.0 255.10 OK
r-release-linux-x86_64 2.5.0 13.88 107.36 121.24 ERROR
r-release-macos-x86_64 2.5.0 OK
r-release-windows-ix86+x86_64 2.5.0 49.00 159.00 208.00 OK
r-oldrel-macos-x86_64 2.5.0 OK
r-oldrel-windows-ix86+x86_64 2.5.0 27.00 144.00 171.00 OK

Check Details

Version: 2.5.0
Check: Rd cross-references
Result: NOTE
    Undeclared package ‘brms’ in Rd xrefs
Flavor: r-devel-linux-x86_64-fedora-clang

Version: 2.5.0
Check: package dependencies
Result: NOTE
    Package suggested but not available for checking: ‘rstanarm’
Flavor: r-release-linux-x86_64

Version: 2.5.0
Check: tests
Result: ERROR
     Running ‘testthat.R’ [6s/7s]
    Running the tests in ‘tests/testthat.R’ failed.
    Complete output:
     > library(testthat)
     > library(shinystan)
     Loading required package: shiny
    
     This is shinystan version 2.5.0
    
     >
     > test_check("shinystan")
     ── 1. Error: (unknown) (@test_creating_sso.R#3) ───────────────────────────────
     there is no package called 'rstanarm'
     Backtrace:
     1. base::suppressPackageStartupMessages(library(rstanarm))
     3. base::library(rstanarm)
    
     ── 2. Error: (unknown) (@test_misc.R#2) ───────────────────────────────────────
     there is no package called 'rstanarm'
     Backtrace:
     1. base::library(rstanarm)
    
     ══ testthat results ═══════════════════════════════════════════════════════════
     [ OK: 78 | SKIPPED: 0 | WARNINGS: 0 | FAILED: 2 ]
     1. Error: (unknown) (@test_creating_sso.R#3)
     2. Error: (unknown) (@test_misc.R#2)
    
     Error: testthat unit tests failed
     Execution halted
Flavor: r-release-linux-x86_64