CRAN Package Check Results for Package sicegar

Last updated on 2020-08-19 01:50:16 CEST.

Flavor Version Tinstall Tcheck Ttotal Status Flags
r-devel-linux-x86_64-debian-clang 0.2.3 3.16 105.93 109.09 OK
r-devel-linux-x86_64-debian-gcc 0.2.3 3.08 77.72 80.80 OK
r-devel-linux-x86_64-fedora-clang 0.2.3 132.13 NOTE
r-devel-linux-x86_64-fedora-gcc 0.2.3 128.55 NOTE
r-devel-windows-ix86+x86_64 0.2.3 15.00 157.00 172.00 OK
r-patched-linux-x86_64 0.2.3 3.23 102.97 106.20 OK
r-patched-solaris-x86 0.2.3 160.30 NOTE
r-release-linux-x86_64 0.2.3 3.66 103.25 106.91 OK
r-release-macos-x86_64 0.2.3 NOTE
r-release-windows-ix86+x86_64 0.2.3 18.00 120.00 138.00 OK
r-oldrel-macos-x86_64 0.2.3 NOTE
r-oldrel-windows-ix86+x86_64 0.2.3 6.00 144.00 150.00 OK

Check Details

Version: 0.2.3
Check: dependencies in R code
Result: NOTE
    Namespace in Imports field not imported from: ‘dplyr’
     All declared Imports should be used.
Flavors: r-devel-linux-x86_64-fedora-clang, r-devel-linux-x86_64-fedora-gcc, r-patched-solaris-x86, r-release-macos-x86_64, r-oldrel-macos-x86_64