Last updated on 2020-08-19 01:50:16 CEST.
Flavor | Version | Tinstall | Tcheck | Ttotal | Status | Flags |
---|---|---|---|---|---|---|
r-devel-linux-x86_64-debian-clang | 4.0.3 | 13.98 | 101.06 | 115.04 | NOTE | |
r-devel-linux-x86_64-debian-gcc | 4.0.3 | 11.26 | 73.21 | 84.47 | NOTE | |
r-devel-linux-x86_64-fedora-clang | 4.0.3 | 140.08 | NOTE | |||
r-devel-linux-x86_64-fedora-gcc | 4.0.3 | 130.42 | NOTE | |||
r-devel-windows-ix86+x86_64 | 4.0.3 | 36.00 | 165.00 | 201.00 | OK | |
r-patched-linux-x86_64 | 4.0.3 | 10.51 | 97.31 | 107.82 | NOTE | |
r-patched-solaris-x86 | 4.0.3 | 193.80 | NOTE | |||
r-release-linux-x86_64 | 4.0.3 | 12.08 | 97.88 | 109.96 | NOTE | |
r-release-macos-x86_64 | 4.0.3 | OK | ||||
r-release-windows-ix86+x86_64 | 4.0.3 | 33.00 | 117.00 | 150.00 | OK | |
r-oldrel-macos-x86_64 | 4.0.3 | OK | ||||
r-oldrel-windows-ix86+x86_64 | 4.0.3 | 16.00 | 107.00 | 123.00 | OK |
Version: 4.0.3
Check: for non-standard things in the check directory
Result: NOTE
Found the following files/directories:
'3_FindHaplo_Example2_modified.txt'
'4_Example3_HapPerPop_Weighted.txt'
'4_Example3_IndelDistanceMatrixMullerMod.txt'
'4_FindHaplo_Example2_modified.txt' 'FindHaplo.txt'
'Haplotypes_DefaultNames.txt' 'Haplotypes_sequentialNames.txt'
'Interaction.txt' 'Modules_summary.txt'
'NINA.ThresholdEstimation.txt' 'NINA_Network.pdf' 'Network.pdf'
'PercThr Estimation.pdf' 'PercThresholdEstimation.txt'
'PercolatedNetwork.pdf' 'PopulationDistances.r.txt' 'Weighted.txt'
'ex1.fas' 'ex2.2.fas' 'ex2.fas' 'ex2_unique.fas' 'ex3.fas'
'simulated_sequences_rep1.fas' 'simulated_sequences_rep2.fas'
'simulated_sequences_tips_rep1.fas'
'simulated_sequences_tips_rep2.fas'
Flavors: r-devel-linux-x86_64-debian-clang, r-devel-linux-x86_64-debian-gcc, r-devel-linux-x86_64-fedora-clang, r-devel-linux-x86_64-fedora-gcc, r-patched-linux-x86_64, r-patched-solaris-x86, r-release-linux-x86_64