Last updated on 2020-08-19 01:50:16 CEST.
Flavor | Version | Tinstall | Tcheck | Ttotal | Status | Flags |
---|---|---|---|---|---|---|
r-devel-linux-x86_64-debian-clang | 1.2.0 | 5.66 | 240.93 | 246.59 | OK | |
r-devel-linux-x86_64-debian-gcc | 1.2.0 | 4.59 | 165.45 | 170.04 | OK | |
r-devel-linux-x86_64-fedora-clang | 1.2.0 | 277.90 | NOTE | |||
r-devel-linux-x86_64-fedora-gcc | 1.2.0 | 271.24 | NOTE | |||
r-devel-windows-ix86+x86_64 | 1.2.0 | 16.00 | 316.00 | 332.00 | OK | |
r-patched-linux-x86_64 | 1.2.0 | 5.43 | 225.45 | 230.88 | OK | |
r-patched-solaris-x86 | 1.2.0 | 316.20 | NOTE | |||
r-release-linux-x86_64 | 1.2.0 | 5.80 | 228.22 | 234.02 | OK | |
r-release-macos-x86_64 | 1.2.0 | NOTE | ||||
r-release-windows-ix86+x86_64 | 1.2.0 | 17.00 | 261.00 | 278.00 | OK | |
r-oldrel-macos-x86_64 | 1.2.0 | NOTE | ||||
r-oldrel-windows-ix86+x86_64 | 1.2.0 | 11.00 | 292.00 | 303.00 | OK |
Version: 1.2.0
Check: dependencies in R code
Result: NOTE
Namespace in Imports field not imported from: ‘quadprog’
All declared Imports should be used.
Flavors: r-devel-linux-x86_64-fedora-clang, r-devel-linux-x86_64-fedora-gcc, r-patched-solaris-x86, r-release-macos-x86_64, r-oldrel-macos-x86_64