CRAN Package Check Results for Package sjmisc

Last updated on 2020-08-19 01:50:16 CEST.

Flavor Version Tinstall Tcheck Ttotal Status Flags
r-devel-linux-x86_64-debian-clang 2.8.5 9.17 118.03 127.20 OK
r-devel-linux-x86_64-debian-gcc 2.8.5 7.89 98.10 105.99 OK
r-devel-linux-x86_64-fedora-clang 2.8.5 161.36 NOTE
r-devel-linux-x86_64-fedora-gcc 2.8.5 138.19 OK
r-devel-windows-ix86+x86_64 2.8.5 21.00 178.00 199.00 OK
r-patched-linux-x86_64 2.8.5 9.29 115.66 124.95 OK
r-patched-solaris-x86 2.8.5 198.10 OK
r-release-linux-x86_64 2.8.5 9.35 116.92 126.27 OK
r-release-macos-x86_64 2.8.5 OK
r-release-windows-ix86+x86_64 2.8.5 28.00 124.00 152.00 OK
r-oldrel-macos-x86_64 2.8.5 OK
r-oldrel-windows-ix86+x86_64 2.8.5 16.00 125.00 141.00 OK

Check Details

Version: 2.8.5
Check: Rd cross-references
Result: NOTE
    Undeclared packages ‘stringr’, ‘pillar’ in Rd xrefs
Flavor: r-devel-linux-x86_64-fedora-clang