CRAN Package Check Results for Package skpr

Last updated on 2020-08-19 01:50:16 CEST.

Flavor Version Tinstall Tcheck Ttotal Status Flags
r-devel-linux-x86_64-debian-clang 0.64.2 172.39 187.45 359.84 OK
r-devel-linux-x86_64-debian-gcc 0.64.2 142.06 140.19 282.25 OK
r-devel-linux-x86_64-fedora-clang 0.64.2 474.72 NOTE
r-devel-linux-x86_64-fedora-gcc 0.64.2 455.97 NOTE
r-devel-windows-ix86+x86_64 0.64.2 374.00 452.00 826.00 OK
r-patched-linux-x86_64 0.64.2 146.37 182.00 328.37 OK
r-patched-solaris-x86 0.64.2 487.30 NOTE
r-release-linux-x86_64 0.64.2 151.24 189.05 340.29 OK
r-release-macos-x86_64 0.64.2 NOTE
r-release-windows-ix86+x86_64 0.64.2 357.00 312.00 669.00 OK
r-oldrel-macos-x86_64 0.64.2 NOTE
r-oldrel-windows-ix86+x86_64 0.64.2 256.00 422.00 678.00 OK

Check Details

Version: 0.64.2
Check: package dependencies
Result: NOTE
    Imports includes 22 non-default packages.
    Importing from so many packages makes the package vulnerable to any of
    them becoming unavailable. Move as many as possible to Suggests and
    use conditionally.
Flavor: r-devel-linux-x86_64-fedora-clang

Version: 0.64.2
Check: installed package size
Result: NOTE
     installed size is 35.0Mb
     sub-directories of 1Mb or more:
     libs 33.4Mb
Flavors: r-devel-linux-x86_64-fedora-clang, r-release-macos-x86_64, r-oldrel-macos-x86_64

Version: 0.64.2
Check: dependencies in R code
Result: NOTE
    Namespace in Imports field not imported from: ‘nlme’
     All declared Imports should be used.
Flavors: r-devel-linux-x86_64-fedora-clang, r-devel-linux-x86_64-fedora-gcc, r-patched-solaris-x86, r-release-macos-x86_64, r-oldrel-macos-x86_64