CRAN Package Check Results for Package spacey

Last updated on 2020-08-19 01:50:17 CEST.

Flavor Version Tinstall Tcheck Ttotal Status Flags
r-devel-linux-x86_64-debian-clang 0.1.1 3.60 50.47 54.07 OK
r-devel-linux-x86_64-debian-gcc 0.1.1 2.57 38.45 41.02 OK
r-devel-linux-x86_64-fedora-clang 0.1.1 71.86 NOTE
r-devel-linux-x86_64-fedora-gcc 0.1.1 62.39 NOTE
r-devel-windows-ix86+x86_64 0.1.1 16.00 105.00 121.00 OK
r-patched-linux-x86_64 0.1.1 3.31 49.48 52.79 OK
r-patched-solaris-x86 0.1.1 124.00 NOTE
r-release-linux-x86_64 0.1.1 3.41 49.97 53.38 OK
r-release-macos-x86_64 0.1.1 NOTE
r-release-windows-ix86+x86_64 0.1.1 12.00 77.00 89.00 OK
r-oldrel-macos-x86_64 0.1.1 NOTE
r-oldrel-windows-ix86+x86_64 0.1.1 6.00 89.00 95.00 OK

Check Details

Version: 0.1.1
Check: dependencies in R code
Result: NOTE
    Namespace in Imports field not imported from: ‘rgdal’
     All declared Imports should be used.
Flavors: r-devel-linux-x86_64-fedora-clang, r-devel-linux-x86_64-fedora-gcc, r-patched-solaris-x86, r-release-macos-x86_64, r-oldrel-macos-x86_64