CRAN Package Check Results for Package sparr

Last updated on 2020-08-19 01:50:17 CEST.

Flavor Version Tinstall Tcheck Ttotal Status Flags
r-devel-linux-x86_64-debian-clang 2.2-13 16.88 106.49 123.37 OK
r-devel-linux-x86_64-debian-gcc 2.2-13 11.53 81.53 93.06 OK
r-devel-linux-x86_64-fedora-clang 2.2-13 152.15 NOTE
r-devel-linux-x86_64-fedora-gcc 2.2-13 142.44 OK
r-devel-windows-ix86+x86_64 2.2-13 32.00 163.00 195.00 OK
r-patched-linux-x86_64 2.2-13 15.48 102.45 117.93 OK
r-patched-solaris-x86 2.2-13 228.30 OK
r-release-linux-x86_64 2.2-13 13.47 106.93 120.40 OK
r-release-macos-x86_64 2.2-13 OK
r-release-windows-ix86+x86_64 2.2-13 36.00 115.00 151.00 OK
r-oldrel-macos-x86_64 2.2-13 OK
r-oldrel-windows-ix86+x86_64 2.2-13 19.00 148.00 167.00 OK

Check Details

Version: 2.2-13
Check: Rd cross-references
Result: NOTE
    Undeclared packages ‘splancs’, ‘spatstat.data’ in Rd xrefs
Flavor: r-devel-linux-x86_64-fedora-clang