Last updated on 2020-08-19 01:50:17 CEST.
Flavor | Version | Tinstall | Tcheck | Ttotal | Status | Flags |
---|---|---|---|---|---|---|
r-devel-linux-x86_64-debian-clang | 0.6-2 | 21.88 | 169.62 | 191.50 | NOTE | |
r-devel-linux-x86_64-debian-gcc | 0.6-2 | 19.31 | 127.83 | 147.14 | NOTE | |
r-devel-linux-x86_64-fedora-clang | 0.6-2 | 246.98 | OK | |||
r-devel-linux-x86_64-fedora-gcc | 0.6-2 | 230.05 | OK | |||
r-devel-windows-ix86+x86_64 | 0.6-2 | 75.00 | 261.00 | 336.00 | OK | |
r-patched-linux-x86_64 | 0.6-2 | 20.83 | 168.21 | 189.04 | NOTE | |
r-patched-solaris-x86 | 0.6-2 | 369.70 | NOTE | |||
r-release-linux-x86_64 | 0.6-2 | 16.11 | 167.42 | 183.53 | NOTE | |
r-release-macos-x86_64 | 0.6-2 | NOTE | ||||
r-release-windows-ix86+x86_64 | 0.6-2 | 78.00 | 171.00 | 249.00 | OK | |
r-oldrel-macos-x86_64 | 0.6-2 | NOTE | ||||
r-oldrel-windows-ix86+x86_64 | 0.6-2 | 43.00 | 234.00 | 277.00 | OK |
Version: 0.6-2
Check: package dependencies
Result: NOTE
Package suggested but not available for checking: 'INLA'
Flavors: r-devel-linux-x86_64-debian-clang, r-devel-linux-x86_64-debian-gcc, r-patched-linux-x86_64, r-patched-solaris-x86, r-release-linux-x86_64, r-release-macos-x86_64, r-oldrel-macos-x86_64