Last updated on 2020-08-19 01:50:17 CEST.
Flavor | Version | Tinstall | Tcheck | Ttotal | Status | Flags |
---|---|---|---|---|---|---|
r-devel-linux-x86_64-debian-clang | 1.64-1 | 176.36 | 1022.04 | 1198.40 | OK | --no-tests |
r-devel-linux-x86_64-debian-gcc | 1.64-1 | 139.69 | 752.70 | 892.39 | OK | --no-tests |
r-devel-linux-x86_64-fedora-clang | 1.64-1 | 1884.05 | NOTE | |||
r-devel-linux-x86_64-fedora-gcc | 1.64-1 | 1887.49 | OK | |||
r-devel-windows-ix86+x86_64 | 1.64-1 | 402.00 | 621.00 | 1023.00 | NOTE | --no-examples --no-tests --no-vignettes |
r-patched-linux-x86_64 | 1.64-1 | 153.09 | 1005.07 | 1158.16 | OK | --no-tests |
r-patched-solaris-x86 | 1.64-1 | 2624.40 | NOTE | |||
r-release-linux-x86_64 | 1.64-1 | 165.55 | 1015.40 | 1180.95 | OK | --no-tests |
r-release-macos-x86_64 | 1.64-1 | NOTE | ||||
r-release-windows-ix86+x86_64 | 1.64-1 | 398.00 | 464.00 | 862.00 | NOTE | --no-examples --no-tests --no-vignettes |
r-oldrel-macos-x86_64 | 1.64-1 | NOTE | ||||
r-oldrel-windows-ix86+x86_64 | 1.64-1 | 306.00 | 619.00 | 925.00 | NOTE | --no-examples --no-tests --no-vignettes |
Version: 1.64-1
Check: installed package size
Result: NOTE
installed size is 19.9Mb
sub-directories of 1Mb or more:
R 5.3Mb
doc 6.1Mb
help 5.3Mb
libs 2.2Mb
Flavors: r-devel-linux-x86_64-fedora-clang, r-patched-solaris-x86, r-release-macos-x86_64, r-oldrel-macos-x86_64
Version: 1.64-1
Flags: --no-examples --no-tests --no-vignettes
Check: installed package size
Result: NOTE
installed size is 18.9Mb
sub-directories of 1Mb or more:
R 5.3Mb
doc 6.0Mb
help 5.3Mb
libs 1.3Mb
Flavors: r-devel-windows-ix86+x86_64, r-release-windows-ix86+x86_64, r-oldrel-windows-ix86+x86_64
Version: 1.64-1
Check: dependencies in R code
Result: NOTE
No protocol specified
No protocol specified
Flavor: r-oldrel-macos-x86_64