Last updated on 2020-08-19 01:50:17 CEST.
Flavor | Version | Tinstall | Tcheck | Ttotal | Status | Flags |
---|---|---|---|---|---|---|
r-devel-linux-x86_64-debian-clang | 0.1.0 | 130.02 | 40.64 | 170.66 | OK | |
r-devel-linux-x86_64-debian-gcc | 0.1.0 | 101.66 | 30.95 | 132.61 | OK | |
r-devel-linux-x86_64-fedora-clang | 0.1.0 | 254.26 | NOTE | |||
r-devel-linux-x86_64-fedora-gcc | 0.1.0 | 227.88 | NOTE | |||
r-devel-windows-ix86+x86_64 | 0.1.0 | 300.00 | 112.00 | 412.00 | OK | |
r-patched-linux-x86_64 | 0.1.0 | 105.15 | 40.51 | 145.66 | OK | |
r-patched-solaris-x86 | 0.1.0 | 194.50 | NOTE | |||
r-release-linux-x86_64 | 0.1.0 | 102.45 | 40.76 | 143.21 | OK | |
r-release-macos-x86_64 | 0.1.0 | NOTE | ||||
r-release-windows-ix86+x86_64 | 0.1.0 | 299.00 | 83.00 | 382.00 | OK | |
r-oldrel-macos-x86_64 | 0.1.0 | NOTE | ||||
r-oldrel-windows-ix86+x86_64 | 0.1.0 | 221.00 | 98.00 | 319.00 | OK |
Version: 0.1.0
Check: installed package size
Result: NOTE
installed size is 8.2Mb
sub-directories of 1Mb or more:
libs 7.6Mb
Flavors: r-devel-linux-x86_64-fedora-clang, r-release-macos-x86_64, r-oldrel-macos-x86_64
Version: 0.1.0
Check: dependencies in R code
Result: NOTE
Namespace in Imports field not imported from: ‘MASS’
All declared Imports should be used.
Flavors: r-devel-linux-x86_64-fedora-clang, r-devel-linux-x86_64-fedora-gcc, r-patched-solaris-x86, r-release-macos-x86_64, r-oldrel-macos-x86_64