CRAN Package Check Results for Package splitstackshape

Last updated on 2020-08-19 01:50:17 CEST.

Flavor Version Tinstall Tcheck Ttotal Status Flags
r-devel-linux-x86_64-debian-clang 1.4.8 3.39 35.73 39.12 OK
r-devel-linux-x86_64-debian-gcc 1.4.8 2.14 26.57 28.71 OK
r-devel-linux-x86_64-fedora-clang 1.4.8 53.25 NOTE
r-devel-linux-x86_64-fedora-gcc 1.4.8 43.91 OK
r-devel-windows-ix86+x86_64 1.4.8 11.00 67.00 78.00 OK
r-patched-linux-x86_64 1.4.8 2.97 33.27 36.24 OK
r-patched-solaris-x86 1.4.8 69.20 OK
r-release-linux-x86_64 1.4.8 3.14 33.34 36.48 OK
r-release-macos-x86_64 1.4.8 OK
r-release-windows-ix86+x86_64 1.4.8 10.00 45.00 55.00 OK
r-oldrel-macos-x86_64 1.4.8 OK
r-oldrel-windows-ix86+x86_64 1.4.8 5.00 66.00 71.00 OK

Check Details

Version: 1.4.8
Check: Rd cross-references
Result: NOTE
    Undeclared packages ‘reshape2’, ‘sampling’, ‘dplyr’ in Rd xrefs
Flavor: r-devel-linux-x86_64-fedora-clang