CRAN Package Check Results for Package spm

Last updated on 2020-08-19 01:50:17 CEST.

Flavor Version Tinstall Tcheck Ttotal Status Flags
r-devel-linux-x86_64-debian-clang 1.2.0 8.18 38.34 46.52 OK
r-devel-linux-x86_64-debian-gcc 1.2.0 6.57 29.75 36.32 OK
r-devel-linux-x86_64-fedora-clang 1.2.0 63.92 NOTE
r-devel-linux-x86_64-fedora-gcc 1.2.0 53.96 NOTE
r-devel-windows-ix86+x86_64 1.2.0 21.00 78.00 99.00 OK
r-patched-linux-x86_64 1.2.0 8.30 37.19 45.49 OK
r-patched-solaris-x86 1.2.0 85.60 NOTE
r-release-linux-x86_64 1.2.0 7.92 37.92 45.84 OK
r-release-macos-x86_64 1.2.0 NOTE
r-release-windows-ix86+x86_64 1.2.0 23.00 47.00 70.00 OK
r-oldrel-macos-x86_64 1.2.0 NOTE
r-oldrel-windows-ix86+x86_64 1.2.0 11.00 68.00 79.00 OK

Check Details

Version: 1.2.0
Check: dependencies in R code
Result: NOTE
    Namespace in Imports field not imported from: ‘biomod2’
     All declared Imports should be used.
Flavors: r-devel-linux-x86_64-fedora-clang, r-devel-linux-x86_64-fedora-gcc, r-patched-solaris-x86, r-release-macos-x86_64, r-oldrel-macos-x86_64