CRAN Package Check Results for Package spread

Last updated on 2020-08-19 01:50:17 CEST.

Flavor Version Tinstall Tcheck Ttotal Status Flags
r-devel-linux-x86_64-debian-clang 2019.8.5 22.09 57.21 79.30 OK
r-devel-linux-x86_64-debian-gcc 2019.8.5 16.43 40.46 56.89 OK
r-devel-linux-x86_64-fedora-clang 2019.8.5 105.57 NOTE
r-devel-linux-x86_64-fedora-gcc 2019.8.5 94.09 NOTE
r-devel-windows-ix86+x86_64 2019.8.5 68.00 143.00 211.00 OK
r-patched-linux-x86_64 2019.8.5 20.06 52.96 73.02 OK
r-patched-solaris-x86 2019.8.5 131.60 NOTE
r-release-linux-x86_64 2019.8.5 18.18 53.01 71.19 OK
r-release-macos-x86_64 2019.8.5 NOTE
r-release-windows-ix86+x86_64 2019.8.5 63.00 98.00 161.00 OK
r-oldrel-macos-x86_64 2019.8.5 NOTE
r-oldrel-windows-ix86+x86_64 2019.8.5 48.00 125.00 173.00 OK

Check Details

Version: 2019.8.5
Check: dependencies in R code
Result: NOTE
    Namespace in Imports field not imported from: ‘RcppProgress’
     All declared Imports should be used.
Flavors: r-devel-linux-x86_64-fedora-clang, r-devel-linux-x86_64-fedora-gcc, r-patched-solaris-x86, r-release-macos-x86_64, r-oldrel-macos-x86_64