CRAN Package Check Results for Package ss3sim

Last updated on 2020-08-19 01:50:17 CEST.

Flavor Version Tinstall Tcheck Ttotal Status Flags
r-devel-linux-x86_64-debian-clang 1.0.3 18.67 154.68 173.35 OK
r-devel-linux-x86_64-debian-gcc 1.0.3 13.79 115.64 129.43 OK
r-devel-linux-x86_64-fedora-clang 1.0.3 209.53 NOTE
r-devel-linux-x86_64-fedora-gcc 1.0.3 202.26 OK
r-devel-windows-ix86+x86_64 1.0.3 54.00 260.00 314.00 OK
r-patched-linux-x86_64 1.0.3 17.23 148.87 166.10 OK
r-patched-solaris-x86 1.0.3 288.40 OK
r-release-linux-x86_64 1.0.3 15.64 149.24 164.88 OK
r-release-macos-x86_64 1.0.3 OK
r-release-windows-ix86+x86_64 1.0.3 56.00 173.00 229.00 OK
r-oldrel-macos-x86_64 1.0.3 OK
r-oldrel-windows-ix86+x86_64 1.0.3 31.00 216.00 247.00 OK

Check Details

Version: 1.0.3
Check: Rd cross-references
Result: NOTE
    Undeclared package ‘plyr’ in Rd xrefs
Flavor: r-devel-linux-x86_64-fedora-clang