CRAN Package Check Results for Package st

Last updated on 2020-08-19 01:50:18 CEST.

Flavor Version Tinstall Tcheck Ttotal Status Flags
r-devel-linux-x86_64-debian-clang 1.2.5 2.99 29.26 32.25 NOTE
r-devel-linux-x86_64-debian-gcc 1.2.5 2.20 23.33 25.53 NOTE
r-devel-linux-x86_64-fedora-clang 1.2.5 47.63 NOTE
r-devel-linux-x86_64-fedora-gcc 1.2.5 37.66 NOTE
r-devel-windows-ix86+x86_64 1.2.5 9.00 62.00 71.00 NOTE
r-patched-linux-x86_64 1.2.5 3.08 29.22 32.30 NOTE
r-patched-solaris-x86 1.2.5 62.00 NOTE
r-release-linux-x86_64 1.2.5 2.99 29.39 32.38 NOTE
r-release-macos-x86_64 1.2.5 NOTE
r-release-windows-ix86+x86_64 1.2.5 8.00 45.00 53.00 NOTE
r-oldrel-macos-x86_64 1.2.5 NOTE
r-oldrel-windows-ix86+x86_64 1.2.5 5.00 49.00 54.00 NOTE

Check Details

Version: 1.2.5
Check: dependencies in R code
Result: NOTE
    Missing or unexported object: 'limma::ebayes'
Flavors: r-devel-linux-x86_64-debian-clang, r-devel-linux-x86_64-debian-gcc, r-devel-linux-x86_64-fedora-clang, r-devel-linux-x86_64-fedora-gcc, r-devel-windows-ix86+x86_64, r-patched-linux-x86_64, r-patched-solaris-x86, r-release-linux-x86_64, r-release-macos-x86_64, r-release-windows-ix86+x86_64, r-oldrel-windows-ix86+x86_64

Version: 1.2.5
Check: package dependencies
Result: NOTE
    Packages suggested but not available for checking: 'limma', 'samr'
Flavor: r-oldrel-macos-x86_64