Last updated on 2020-08-19 01:50:18 CEST.
Flavor | Version | Tinstall | Tcheck | Ttotal | Status | Flags |
---|---|---|---|---|---|---|
r-devel-linux-x86_64-debian-clang | 0.1.5 | 7.81 | 42.89 | 50.70 | OK | |
r-devel-linux-x86_64-debian-gcc | 0.1.5 | 6.94 | 34.47 | 41.41 | OK | |
r-devel-linux-x86_64-fedora-clang | 0.1.5 | 70.86 | NOTE | |||
r-devel-linux-x86_64-fedora-gcc | 0.1.5 | 63.15 | NOTE | |||
r-devel-windows-ix86+x86_64 | 0.1.5 | 18.00 | 77.00 | 95.00 | NOTE | |
r-patched-linux-x86_64 | 0.1.5 | 8.54 | 42.47 | 51.01 | OK | |
r-patched-solaris-x86 | 0.1.5 | 103.60 | NOTE | |||
r-release-linux-x86_64 | 0.1.5 | 8.18 | 42.81 | 50.99 | OK | |
r-release-macos-x86_64 | 0.1.5 | NOTE | ||||
r-release-windows-ix86+x86_64 | 0.1.5 | 20.00 | 61.00 | 81.00 | NOTE | |
r-oldrel-macos-x86_64 | 0.1.5 | NOTE | ||||
r-oldrel-windows-ix86+x86_64 | 0.1.5 | 13.00 | 70.00 | 83.00 | NOTE |
Version: 0.1.5
Check: installed package size
Result: NOTE
installed size is 5.7Mb
sub-directories of 1Mb or more:
R 2.1Mb
datasets 2.6Mb
Flavors: r-devel-linux-x86_64-fedora-clang, r-devel-windows-ix86+x86_64, r-patched-solaris-x86, r-release-macos-x86_64, r-release-windows-ix86+x86_64, r-oldrel-macos-x86_64, r-oldrel-windows-ix86+x86_64
Version: 0.1.5
Check: data for non-ASCII characters
Result: NOTE
Note: found 327 marked UTF-8 strings
Flavors: r-devel-linux-x86_64-fedora-clang, r-devel-linux-x86_64-fedora-gcc, r-patched-solaris-x86, r-release-macos-x86_64, r-oldrel-macos-x86_64