Last updated on 2020-08-19 01:50:19 CEST.
Flavor | Version | Tinstall | Tcheck | Ttotal | Status | Flags |
---|---|---|---|---|---|---|
r-devel-linux-x86_64-debian-clang | 1.1-3 | 5.71 | 56.35 | 62.06 | OK | |
r-devel-linux-x86_64-debian-gcc | 1.1-3 | 5.10 | 42.84 | 47.94 | OK | |
r-devel-linux-x86_64-fedora-clang | 1.1-3 | 80.48 | OK | |||
r-devel-linux-x86_64-fedora-gcc | 1.1-3 | 71.75 | OK | |||
r-devel-windows-ix86+x86_64 | 1.1-3 | 28.00 | 117.00 | 145.00 | OK | |
r-patched-linux-x86_64 | 1.1-3 | 5.48 | 54.86 | 60.34 | OK | |
r-patched-solaris-x86 | 1.1-3 | 122.40 | OK | |||
r-release-linux-x86_64 | 1.1-3 | 5.77 | 54.47 | 60.24 | OK | |
r-release-macos-x86_64 | 1.1-3 | OK | ||||
r-release-windows-ix86+x86_64 | 1.1-3 | 24.00 | 75.00 | 99.00 | OK | |
r-oldrel-macos-x86_64 | 1.1-3 | ERROR | ||||
r-oldrel-windows-ix86+x86_64 | 1.1-3 | 12.00 | 102.00 | 114.00 | OK |
Version: 1.1-3
Check: tests
Result: ERROR
Running ‘test-all.R’ [3s/3s]
Running the tests in ‘tests/test-all.R’ failed.
Last 13 lines of output:
call: normalizePath(path, mustWork = TRUE)
error: path[1]="/Users/urbanek/Library/Caches/R/fulltext_storr": No such file or directory
Backtrace:
1. base::library("fulltext")
2. base::tryCatch(...)
3. base:::tryCatchList(expr, classes, parentenv, handlers)
4. base:::tryCatchOne(expr, names, parentenv, handlers[[1L]])
5. value[[3L]](cond)
══ testthat results ═══════════════════════════════════════════════════════════
[ OK: 0 | SKIPPED: 75 | WARNINGS: 0 | FAILED: 1 ]
1. Error: (unknown) (@test-fulltext.R#3)
Error: testthat unit tests failed
Execution halted
Flavor: r-oldrel-macos-x86_64