CRAN Package Check Results for Package supreme

Last updated on 2020-08-19 01:50:19 CEST.

Flavor Version Tinstall Tcheck Ttotal Status Flags
r-devel-linux-x86_64-debian-clang 1.1.0 2.81 30.36 33.17 OK
r-devel-linux-x86_64-debian-gcc 1.1.0 2.30 22.87 25.17 OK
r-devel-linux-x86_64-fedora-clang 1.1.0 47.10 NOTE
r-devel-linux-x86_64-fedora-gcc 1.1.0 37.15 NOTE
r-devel-windows-ix86+x86_64 1.1.0 14.00 61.00 75.00 OK
r-patched-linux-x86_64 1.1.0 3.00 30.09 33.09 OK
r-patched-solaris-x86 1.1.0 62.50 NOTE
r-release-linux-x86_64 1.1.0 3.07 29.58 32.65 OK
r-release-macos-x86_64 1.1.0 NOTE
r-release-windows-ix86+x86_64 1.1.0 16.00 39.00 55.00 OK
r-oldrel-macos-x86_64 1.1.0 NOTE
r-oldrel-windows-ix86+x86_64 1.1.0 6.00 55.00 61.00 OK

Check Details

Version: 1.1.0
Check: dependencies in R code
Result: NOTE
    Namespace in Imports field not imported from: ‘shiny’
     All declared Imports should be used.
Flavors: r-devel-linux-x86_64-fedora-clang, r-devel-linux-x86_64-fedora-gcc, r-patched-solaris-x86, r-release-macos-x86_64, r-oldrel-macos-x86_64