CRAN Package Check Results for Package survHE

Last updated on 2020-08-19 01:50:19 CEST.

Flavor Version Tinstall Tcheck Ttotal Status Flags
r-devel-linux-x86_64-debian-clang 1.1 938.36 224.55 1162.91 NOTE
r-devel-linux-x86_64-debian-gcc 1.1 896.09 214.61 1110.70 NOTE
r-devel-linux-x86_64-fedora-clang 1.1 1988.90 NOTE
r-devel-linux-x86_64-fedora-gcc 1.1 2164.81 NOTE
r-devel-windows-ix86+x86_64 1.1 2584.00 549.00 3133.00 NOTE
r-patched-linux-x86_64 1.1 948.44 275.01 1223.45 NOTE
r-patched-solaris-x86 1.1 1727.40 NOTE
r-release-linux-x86_64 1.1 938.28 276.30 1214.58 NOTE
r-release-macos-x86_64 1.1 NOTE
r-release-windows-ix86+x86_64 1.1 2286.00 481.00 2767.00 NOTE
r-oldrel-macos-x86_64 1.1 NOTE
r-oldrel-windows-ix86+x86_64 1.1 1472.00 300.00 1772.00 NOTE

Check Details

Version: 1.1
Check: package dependencies
Result: NOTE
    Package suggested but not available for checking: 'INLA'
Flavors: r-devel-linux-x86_64-debian-clang, r-devel-linux-x86_64-debian-gcc, r-patched-linux-x86_64, r-patched-solaris-x86, r-release-linux-x86_64, r-release-macos-x86_64, r-oldrel-macos-x86_64

Version: 1.1
Check: for GNU extensions in Makefiles
Result: NOTE
    GNU make is a SystemRequirements.
Flavors: r-devel-linux-x86_64-debian-clang, r-devel-linux-x86_64-debian-gcc, r-devel-linux-x86_64-fedora-clang, r-devel-linux-x86_64-fedora-gcc, r-devel-windows-ix86+x86_64, r-patched-linux-x86_64, r-patched-solaris-x86, r-release-linux-x86_64, r-release-macos-x86_64, r-release-windows-ix86+x86_64, r-oldrel-macos-x86_64, r-oldrel-windows-ix86+x86_64

Version: 1.1
Check: installed package size
Result: NOTE
     installed size is 175.8Mb
     sub-directories of 1Mb or more:
     libs 175.0Mb
Flavors: r-devel-linux-x86_64-fedora-clang, r-devel-windows-ix86+x86_64, r-patched-solaris-x86, r-release-macos-x86_64, r-release-windows-ix86+x86_64, r-oldrel-macos-x86_64, r-oldrel-windows-ix86+x86_64