CRAN Package Check Results for Package tTOlr

Last updated on 2020-08-19 01:50:20 CEST.

Flavor Version Tinstall Tcheck Ttotal Status Flags
r-devel-linux-x86_64-debian-gcc 0.2 2.11 22.28 24.39 OK
r-devel-linux-x86_64-fedora-clang 0.2 46.20 NOTE
r-devel-linux-x86_64-fedora-gcc 0.2 37.93 NOTE
r-patched-solaris-x86 0.2 58.30 NOTE

Check Details

Version: 0.2
Check: dependencies in R code
Result: NOTE
    Namespace in Imports field not imported from: ‘latticeExtra’
     All declared Imports should be used.
Flavors: r-devel-linux-x86_64-fedora-clang, r-devel-linux-x86_64-fedora-gcc, r-patched-solaris-x86