CRAN Package Check Results for Package tabularmaps

Last updated on 2020-08-19 01:50:19 CEST.

Flavor Version Tinstall Tcheck Ttotal Status Flags
r-devel-linux-x86_64-debian-clang 0.1.0 5.21 47.99 53.20 OK
r-devel-linux-x86_64-debian-gcc 0.1.0 4.05 37.09 41.14 OK
r-devel-linux-x86_64-fedora-clang 0.1.0 71.17 NOTE
r-devel-linux-x86_64-fedora-gcc 0.1.0 62.16 NOTE
r-devel-windows-ix86+x86_64 0.1.0 24.00 95.00 119.00 OK
r-patched-linux-x86_64 0.1.0 4.73 46.65 51.38 OK
r-patched-solaris-x86 0.1.0 92.00 NOTE
r-release-linux-x86_64 0.1.0 4.99 46.71 51.70 OK
r-release-macos-x86_64 0.1.0 NOTE
r-release-windows-ix86+x86_64 0.1.0 23.00 64.00 87.00 OK
r-oldrel-macos-x86_64 0.1.0 NOTE
r-oldrel-windows-ix86+x86_64 0.1.0 11.00 85.00 96.00 OK

Check Details

Version: 0.1.0
Check: data for non-ASCII characters
Result: NOTE
     Note: found 81 marked UTF-8 strings
Flavors: r-devel-linux-x86_64-fedora-clang, r-devel-linux-x86_64-fedora-gcc, r-patched-solaris-x86, r-release-macos-x86_64, r-oldrel-macos-x86_64