Last updated on 2020-08-19 01:50:19 CEST.
Flavor | Version | Tinstall | Tcheck | Ttotal | Status | Flags |
---|---|---|---|---|---|---|
r-devel-linux-x86_64-debian-clang | 0.1.0 | 6.25 | 136.09 | 142.34 | NOTE | |
r-devel-linux-x86_64-debian-gcc | 0.1.0 | 5.77 | 82.88 | 88.65 | NOTE | |
r-devel-linux-x86_64-fedora-clang | 0.1.0 | 142.94 | NOTE | |||
r-devel-linux-x86_64-fedora-gcc | 0.1.0 | 133.06 | NOTE | |||
r-devel-windows-ix86+x86_64 | 0.1.0 | 32.00 | 255.00 | 287.00 | NOTE | |
r-patched-linux-x86_64 | 0.1.0 | 6.71 | 102.42 | 109.13 | NOTE | |
r-patched-solaris-x86 | 0.1.0 | 234.00 | NOTE | |||
r-release-linux-x86_64 | 0.1.0 | 7.19 | 103.40 | 110.59 | NOTE | |
r-release-macos-x86_64 | 0.1.0 | NOTE | ||||
r-release-windows-ix86+x86_64 | 0.1.0 | 28.00 | 185.00 | 213.00 | NOTE | |
r-oldrel-macos-x86_64 | 0.1.0 | NOTE | ||||
r-oldrel-windows-ix86+x86_64 | 0.1.0 | 14.00 | 278.00 | 292.00 | NOTE |
Version: 0.1.0
Check: package dependencies
Result: NOTE
Packages suggested but not available for checking: 'MonetDBLite', 'duckdb'
Flavors: r-devel-linux-x86_64-debian-clang, r-devel-linux-x86_64-debian-gcc, r-devel-linux-x86_64-fedora-clang, r-devel-linux-x86_64-fedora-gcc, r-devel-windows-ix86+x86_64, r-patched-linux-x86_64, r-patched-solaris-x86, r-release-linux-x86_64, r-release-macos-x86_64, r-release-windows-ix86+x86_64
Version: 0.1.0
Check: dependencies in R code
Result: NOTE
Namespace in Imports field not imported from: ‘RSQLite’
All declared Imports should be used.
Flavors: r-devel-linux-x86_64-fedora-clang, r-devel-linux-x86_64-fedora-gcc, r-patched-solaris-x86, r-release-macos-x86_64, r-oldrel-macos-x86_64
Version: 0.1.0
Check: package dependencies
Result: NOTE
Package suggested but not available for checking: ‘duckdb’
Flavors: r-oldrel-macos-x86_64, r-oldrel-windows-ix86+x86_64