Last updated on 2020-08-19 01:50:19 CEST.
Flavor | Version | Tinstall | Tcheck | Ttotal | Status | Flags |
---|---|---|---|---|---|---|
r-devel-linux-x86_64-debian-clang | 0.2.0 | 6.69 | 61.76 | 68.45 | OK | |
r-devel-linux-x86_64-debian-gcc | 0.2.0 | 6.14 | 46.81 | 52.95 | OK | |
r-devel-linux-x86_64-fedora-clang | 0.2.0 | 89.40 | OK | |||
r-devel-linux-x86_64-fedora-gcc | 0.2.0 | 81.94 | OK | |||
r-devel-windows-ix86+x86_64 | 0.2.0 | 29.00 | 101.00 | 130.00 | OK | |
r-patched-linux-x86_64 | 0.2.0 | 7.55 | 59.81 | 67.36 | OK | |
r-patched-solaris-x86 | 0.2.0 | 102.70 | OK | |||
r-release-linux-x86_64 | 0.2.0 | 7.10 | 59.38 | 66.48 | OK | |
r-release-macos-x86_64 | 0.2.0 | OK | ||||
r-release-windows-ix86+x86_64 | 0.1.4 | 26.00 | 72.00 | 98.00 | OK | |
r-oldrel-macos-x86_64 | 0.2.0 | ERROR | ||||
r-oldrel-windows-ix86+x86_64 | 0.1.4 | 13.00 | 62.00 | 75.00 | OK |
Version: 0.2.0
Check: tests
Result: ERROR
Running ‘test-all.R’ [3s/3s]
Running the tests in ‘tests/test-all.R’ failed.
Last 13 lines of output:
non-character argument
Backtrace:
1. testthat::expect_equal(txdb_which_rank("species"), 37)
4. taxizedb:::txdb_which_rank("species")
6. base::sapply(...)
7. base::lapply(X = X, FUN = FUN, ...)
8. taxizedb:::FUN(X[[i]], ...)
10. base::strsplit(z, split = ",")
══ testthat results ═══════════════════════════════════════════════════════════
[ OK: 4 | SKIPPED: 13 | WARNINGS: 0 | FAILED: 1 ]
1. Error: rank_utils (@test-rank_utils.R#7)
Error: testthat unit tests failed
Execution halted
Flavor: r-oldrel-macos-x86_64