CRAN Package Check Results for Package tidybayes

Last updated on 2020-08-19 01:50:20 CEST.

Flavor Version Tinstall Tcheck Ttotal Status Flags
r-devel-linux-x86_64-debian-clang 2.1.1 9.52 184.46 193.98 OK
r-devel-linux-x86_64-debian-gcc 2.1.1 7.50 139.75 147.25 OK
r-devel-linux-x86_64-fedora-clang 2.1.1 241.60 NOTE
r-devel-linux-x86_64-fedora-gcc 2.1.1 229.54 NOTE
r-devel-windows-ix86+x86_64 2.1.1 28.00 269.00 297.00 OK
r-patched-linux-x86_64 2.1.1 6.54 176.20 182.74 OK
r-patched-solaris-x86 2.1.1 320.20 NOTE
r-release-linux-x86_64 2.1.1 6.41 163.75 170.16 NOTE
r-release-macos-x86_64 2.1.1 NOTE
r-release-windows-ix86+x86_64 2.1.1 32.00 192.00 224.00 OK
r-oldrel-macos-x86_64 2.1.1 NOTE
r-oldrel-windows-ix86+x86_64 2.1.1 18.00 278.00 296.00 OK

Check Details

Version: 2.1.1
Check: dependencies in R code
Result: NOTE
    Namespaces in Imports field not imported from:
     ‘HDInterval’ ‘grid’ ‘scales’
     All declared Imports should be used.
Flavors: r-devel-linux-x86_64-fedora-clang, r-devel-linux-x86_64-fedora-gcc, r-patched-solaris-x86, r-release-macos-x86_64, r-oldrel-macos-x86_64

Version: 2.1.1
Check: package dependencies
Result: NOTE
    Package suggested but not available for checking: ‘gifski’
Flavor: r-patched-solaris-x86

Version: 2.1.1
Check: installed package size
Result: NOTE
     installed size is 5.0Mb
     sub-directories of 1Mb or more:
     doc 4.3Mb
Flavor: r-patched-solaris-x86

Version: 2.1.1
Check: package dependencies
Result: NOTE
    Package suggested but not available for checking: ‘rstanarm’
Flavor: r-release-linux-x86_64