Last updated on 2020-08-19 01:50:20 CEST.
Flavor | Version | Tinstall | Tcheck | Ttotal | Status | Flags |
---|---|---|---|---|---|---|
r-devel-linux-x86_64-debian-clang | 0.1.1 | 2.12 | 34.81 | 36.93 | OK | |
r-devel-linux-x86_64-debian-gcc | 0.1.1 | 1.67 | 27.05 | 28.72 | OK | |
r-devel-linux-x86_64-fedora-clang | 0.1.1 | 52.14 | NOTE | |||
r-devel-linux-x86_64-fedora-gcc | 0.1.1 | 43.10 | NOTE | |||
r-devel-windows-ix86+x86_64 | 0.1.1 | 12.00 | 66.00 | 78.00 | OK | |
r-patched-linux-x86_64 | 0.1.1 | 2.04 | 33.86 | 35.90 | OK | |
r-patched-solaris-x86 | 0.1.1 | 63.80 | NOTE | |||
r-release-linux-x86_64 | 0.1.1 | 2.05 | 34.58 | 36.63 | OK | |
r-release-macos-x86_64 | 0.1.1 | NOTE | ||||
r-release-windows-ix86+x86_64 | 0.1.1 | 8.00 | 46.00 | 54.00 | OK | |
r-oldrel-macos-x86_64 | 0.1.1 | NOTE | ||||
r-oldrel-windows-ix86+x86_64 | 0.1.1 | 6.00 | 65.00 | 71.00 | OK |
Version: 0.1.1
Check: dependencies in R code
Result: NOTE
Namespace in Imports field not imported from: ‘tidyr’
All declared Imports should be used.
Flavors: r-devel-linux-x86_64-fedora-clang, r-devel-linux-x86_64-fedora-gcc, r-patched-solaris-x86, r-release-macos-x86_64, r-oldrel-macos-x86_64