Last updated on 2020-08-19 01:50:20 CEST.
Flavor | Version | Tinstall | Tcheck | Ttotal | Status | Flags |
---|---|---|---|---|---|---|
r-devel-linux-x86_64-debian-clang | 0.4.1 | 5.99 | 50.36 | 56.35 | OK | |
r-devel-linux-x86_64-debian-gcc | 0.4.1 | 4.49 | 37.41 | 41.90 | OK | |
r-devel-linux-x86_64-fedora-clang | 0.4.1 | 73.37 | NOTE | |||
r-devel-linux-x86_64-fedora-gcc | 0.4.1 | 64.26 | NOTE | |||
r-devel-windows-ix86+x86_64 | 0.4.1 | 21.00 | 97.00 | 118.00 | OK | |
r-patched-linux-x86_64 | 0.4.1 | 5.66 | 49.25 | 54.91 | OK | |
r-patched-solaris-x86 | 0.4.1 | 100.00 | NOTE | |||
r-release-linux-x86_64 | 0.4.1 | 4.73 | 48.28 | 53.01 | OK | |
r-release-macos-x86_64 | 0.4.1 | NOTE | ||||
r-release-windows-ix86+x86_64 | 0.4.1 | 20.00 | 58.00 | 78.00 | OK | |
r-oldrel-macos-x86_64 | 0.4.1 | NOTE | ||||
r-oldrel-windows-ix86+x86_64 | 0.4.1 | 11.00 | 81.00 | 92.00 | OK |
Version: 0.4.1
Check: dependencies in R code
Result: NOTE
Namespace in Imports field not imported from: ‘shiny’
All declared Imports should be used.
Flavors: r-devel-linux-x86_64-fedora-clang, r-devel-linux-x86_64-fedora-gcc, r-patched-solaris-x86, r-release-macos-x86_64, r-oldrel-macos-x86_64