Last updated on 2020-08-19 01:50:20 CEST.
Flavor | Version | Tinstall | Tcheck | Ttotal | Status | Flags |
---|---|---|---|---|---|---|
r-devel-linux-x86_64-debian-clang | 3.1 | 7.10 | 78.46 | 85.56 | OK | |
r-devel-linux-x86_64-debian-gcc | 3.1 | 5.97 | 59.03 | 65.00 | OK | |
r-devel-linux-x86_64-fedora-clang | 3.1 | 111.70 | NOTE | |||
r-devel-linux-x86_64-fedora-gcc | 3.1 | 102.02 | NOTE | |||
r-devel-windows-ix86+x86_64 | 3.1 | 26.00 | 143.00 | 169.00 | OK | |
r-patched-linux-x86_64 | 3.1 | 7.61 | 75.92 | 83.53 | OK | |
r-patched-solaris-x86 | 3.1 | 143.00 | NOTE | |||
r-release-linux-x86_64 | 3.1 | 6.62 | 74.95 | 81.57 | OK | |
r-release-macos-x86_64 | 3.1 | NOTE | ||||
r-release-windows-ix86+x86_64 | 3.1 | 29.00 | 85.00 | 114.00 | OK | |
r-oldrel-macos-x86_64 | 3.1 | NOTE | ||||
r-oldrel-windows-ix86+x86_64 | 3.1 | 15.00 | 114.00 | 129.00 | OK |
Version: 3.1
Check: dependencies in R code
Result: NOTE
Namespace in Imports field not imported from: ‘classInt’
All declared Imports should be used.
Flavors: r-devel-linux-x86_64-fedora-clang, r-devel-linux-x86_64-fedora-gcc, r-patched-solaris-x86, r-release-macos-x86_64, r-oldrel-macos-x86_64
Version: 3.1
Check: Rd cross-references
Result: NOTE
Undeclared package ‘sp’ in Rd xrefs
Flavor: r-devel-linux-x86_64-fedora-clang