CRAN Package Check Results for Package tmvtnorm

Last updated on 2020-08-19 01:50:20 CEST.

Flavor Version Tinstall Tcheck Ttotal Status Flags
r-devel-linux-x86_64-debian-clang 1.4-10 9.28 100.17 109.45 OK
r-devel-linux-x86_64-debian-gcc 1.4-10 8.72 74.84 83.56 OK
r-devel-linux-x86_64-fedora-clang 1.4-10 140.11 NOTE
r-devel-linux-x86_64-fedora-gcc 1.4-10 130.81 NOTE
r-devel-windows-ix86+x86_64 1.4-10 30.00 215.00 245.00 OK
r-patched-linux-x86_64 1.4-10 10.90 97.10 108.00 OK
r-patched-solaris-x86 1.4-10 183.10 OK
r-release-linux-x86_64 1.4-10 9.92 97.76 107.68 OK
r-release-macos-x86_64 1.4-10 OK
r-release-windows-ix86+x86_64 1.4-10 34.00 148.00 182.00 OK
r-oldrel-macos-x86_64 1.4-10 OK
r-oldrel-windows-ix86+x86_64 1.4-10 22.00 191.00 213.00 OK

Check Details

Version: 1.4-10
Check: compiled code
Result: NOTE
    File ‘tmvtnorm/libs/tmvtnorm.so’:
     Found no calls to: ‘R_registerRoutines’, ‘R_useDynamicSymbols’
    
    It is good practice to register native routines and to disable symbol
    search.
    
    See ‘Writing portable packages’ in the ‘Writing R Extensions’ manual.
Flavors: r-devel-linux-x86_64-fedora-clang, r-devel-linux-x86_64-fedora-gcc