Last updated on 2020-08-19 01:50:20 CEST.
Flavor | Version | Tinstall | Tcheck | Ttotal | Status | Flags |
---|---|---|---|---|---|---|
r-devel-linux-x86_64-debian-clang | 0.2.1 | 30.35 | 39.65 | 70.00 | OK | |
r-devel-linux-x86_64-debian-gcc | 0.2.1 | 21.49 | 31.14 | 52.63 | OK | |
r-devel-linux-x86_64-fedora-clang | 0.2.1 | 100.59 | NOTE | |||
r-devel-linux-x86_64-fedora-gcc | 0.2.1 | 86.86 | NOTE | |||
r-devel-windows-ix86+x86_64 | 0.2.1 | 80.00 | 117.00 | 197.00 | OK | |
r-patched-linux-x86_64 | 0.2.1 | 23.26 | 38.79 | 62.05 | OK | |
r-patched-solaris-x86 | 0.2.1 | 102.00 | NOTE | |||
r-release-linux-x86_64 | 0.2.1 | 24.59 | 39.34 | 63.93 | OK | |
r-release-macos-x86_64 | 0.2.1 | NOTE | ||||
r-release-windows-ix86+x86_64 | 0.2.1 | 72.00 | 85.00 | 157.00 | OK | |
r-oldrel-macos-x86_64 | 0.2.1 | NOTE | ||||
r-oldrel-windows-ix86+x86_64 | 0.2.1 | 63.00 | 95.00 | 158.00 | OK |
Version: 0.2.1
Check: data for non-ASCII characters
Result: NOTE
Note: found 1 marked UTF-8 string
Flavors: r-devel-linux-x86_64-fedora-clang, r-devel-linux-x86_64-fedora-gcc, r-patched-solaris-x86, r-release-macos-x86_64, r-oldrel-macos-x86_64