CRAN Package Check Results for Package tricolore

Last updated on 2020-08-19 01:50:20 CEST.

Flavor Version Tinstall Tcheck Ttotal Status Flags
r-devel-linux-x86_64-debian-clang 1.2.2 7.41 72.28 79.69 OK
r-devel-linux-x86_64-debian-gcc 1.2.2 6.02 54.47 60.49 OK
r-devel-linux-x86_64-fedora-clang 1.2.2 101.94 OK
r-devel-linux-x86_64-fedora-gcc 1.2.2 91.21 OK
r-devel-windows-ix86+x86_64 1.2.2 34.00 145.00 179.00 OK
r-patched-linux-x86_64 1.2.2 7.92 69.37 77.29 OK
r-patched-solaris-x86 1.2.2 136.50 WARN
r-release-linux-x86_64 1.2.2 7.74 70.80 78.54 OK
r-release-macos-x86_64 1.2.2 WARN
r-release-windows-ix86+x86_64 1.2.2 28.00 84.00 112.00 OK
r-oldrel-macos-x86_64 1.2.2 WARN
r-oldrel-windows-ix86+x86_64 1.2.2 18.00 129.00 147.00 OK

Check Details

Version: 1.2.2
Check: re-building of vignette outputs
Result: WARN
    Error(s) in re-building vignettes:
     ...
    --- re-building ‘choropleth_maps_with_tricolore.Rmd’ using rmarkdown
    Warning in engine$weave(file, quiet = quiet, encoding = enc) :
     Pandoc (>= 1.12.3) and/or pandoc-citeproc not available. Falling back to R Markdown v1.
    Quitting from lines 128-137 (choropleth_maps_with_tricolore.Rmd)
    Error: processing vignette 'choropleth_maps_with_tricolore.Rmd' failed with diagnostics:
    there is no package called 'webshot'
    --- failed re-building ‘choropleth_maps_with_tricolore.Rmd’
    
    SUMMARY: processing the following file failed:
     ‘choropleth_maps_with_tricolore.Rmd’
    
    Error: Vignette re-building failed.
    Execution halted
Flavor: r-patched-solaris-x86

Version: 1.2.2
Check: re-building of vignette outputs
Result: WARN
    Error(s) in re-building vignettes:
     ...
    --- re-building ‘choropleth_maps_with_tricolore.Rmd’ using rmarkdown
    Warning in engine$weave(file, quiet = quiet, encoding = enc) :
     Pandoc (>= 1.12.3) and/or pandoc-citeproc not available. Falling back to R Markdown v1.
    Quitting from lines 128-137 (choropleth_maps_with_tricolore.Rmd)
    Error: processing vignette 'choropleth_maps_with_tricolore.Rmd' failed with diagnostics:
    cannot open the connection
    --- failed re-building ‘choropleth_maps_with_tricolore.Rmd’
    
    SUMMARY: processing the following file failed:
     ‘choropleth_maps_with_tricolore.Rmd’
    
    Error: Vignette re-building failed.
    Execution halted
Flavors: r-release-macos-x86_64, r-oldrel-macos-x86_64