Last updated on 2020-08-19 01:50:20 CEST.
Flavor | Version | Tinstall | Tcheck | Ttotal | Status | Flags |
---|---|---|---|---|---|---|
r-devel-linux-x86_64-debian-clang | 0.5 | 13.35 | 127.68 | 141.03 | OK | |
r-devel-linux-x86_64-debian-gcc | 0.5 | 10.56 | 94.96 | 105.52 | OK | |
r-devel-linux-x86_64-fedora-clang | 0.5 | 172.46 | NOTE | |||
r-devel-linux-x86_64-fedora-gcc | 0.5 | 160.12 | OK | |||
r-devel-windows-ix86+x86_64 | 0.5 | 46.00 | 180.00 | 226.00 | OK | |
r-patched-linux-x86_64 | 0.5 | 13.51 | 122.29 | 135.80 | OK | |
r-patched-solaris-x86 | 0.5 | 260.60 | OK | |||
r-release-linux-x86_64 | 0.5 | 12.45 | 122.06 | 134.51 | OK | |
r-release-macos-x86_64 | 0.5 | OK | ||||
r-release-windows-ix86+x86_64 | 0.5 | 39.00 | 121.00 | 160.00 | OK | |
r-oldrel-macos-x86_64 | 0.5 | OK | ||||
r-oldrel-windows-ix86+x86_64 | 0.5 | 22.00 | 168.00 | 190.00 | OK |
Version: 0.5
Check: Rd cross-references
Result: NOTE
Undeclared package ‘randomForest’ in Rd xrefs
Flavor: r-devel-linux-x86_64-fedora-clang