Last updated on 2020-08-19 01:50:20 CEST.
Flavor | Version | Tinstall | Tcheck | Ttotal | Status | Flags |
---|---|---|---|---|---|---|
r-devel-linux-x86_64-debian-clang | 1.1.0 | 6.45 | 81.71 | 88.16 | OK | |
r-devel-linux-x86_64-debian-gcc | 1.1.0 | 5.09 | 60.66 | 65.75 | OK | |
r-devel-linux-x86_64-fedora-clang | 1.1.0 | 112.09 | OK | |||
r-devel-linux-x86_64-fedora-gcc | 1.1.0 | 100.43 | OK | |||
r-devel-windows-ix86+x86_64 | 1.1.0 | 25.00 | 131.00 | 156.00 | OK | |
r-patched-linux-x86_64 | 1.1.0 | 6.92 | 78.42 | 85.34 | OK | |
r-patched-solaris-x86 | 1.1.0 | 143.20 | NOTE | |||
r-release-linux-x86_64 | 1.1.0 | 6.73 | 77.66 | 84.39 | OK | |
r-release-macos-x86_64 | 1.1.0 | OK | ||||
r-release-windows-ix86+x86_64 | 1.1.0 | 25.00 | 102.00 | 127.00 | OK | |
r-oldrel-macos-x86_64 | 1.1.0 | OK | ||||
r-oldrel-windows-ix86+x86_64 | 1.1.0 | 13.00 | 138.00 | 151.00 | OK |
Version: 1.1.0
Check: installed package size
Result: NOTE
installed size is 5.3Mb
sub-directories of 1Mb or more:
doc 1.5Mb
fonts 2.9Mb
Flavor: r-patched-solaris-x86