CRAN Package Check Results for Package uavRmp

Last updated on 2020-08-19 01:50:20 CEST.

Flavor Version Tinstall Tcheck Ttotal Status Flags
r-devel-linux-x86_64-debian-clang 0.5.7 13.71 105.68 119.39 OK
r-devel-linux-x86_64-debian-gcc 0.5.7 10.88 78.77 89.65 OK
r-devel-linux-x86_64-fedora-clang 0.5.7 150.63 NOTE
r-devel-linux-x86_64-fedora-gcc 0.5.7 142.58 NOTE
r-devel-windows-ix86+x86_64 0.5.7 58.00 155.00 213.00 OK
r-patched-linux-x86_64 0.5.7 12.79 103.16 115.95 OK
r-patched-solaris-x86 0.5.7 216.70 NOTE
r-release-linux-x86_64 0.5.7 13.22 104.14 117.36 OK
r-release-macos-x86_64 0.5.7 NOTE
r-release-windows-ix86+x86_64 0.5.7 42.00 107.00 149.00 OK
r-oldrel-macos-x86_64 0.5.7 NOTE
r-oldrel-windows-ix86+x86_64 0.5.7 29.00 114.00 143.00 OK

Check Details

Version: 0.5.7
Check: dependencies in R code
Result: NOTE
    Namespace in Imports field not imported from: ‘rlang’
     All declared Imports should be used.
Flavors: r-devel-linux-x86_64-fedora-clang, r-devel-linux-x86_64-fedora-gcc, r-patched-solaris-x86, r-release-macos-x86_64, r-oldrel-macos-x86_64