Last updated on 2020-08-19 01:50:20 CEST.
Flavor | Version | Tinstall | Tcheck | Ttotal | Status | Flags |
---|---|---|---|---|---|---|
r-devel-linux-x86_64-debian-clang | 1.7.3 | 75.79 | 33.34 | 109.13 | OK | |
r-devel-linux-x86_64-debian-gcc | 1.7.3 | 55.36 | 26.01 | 81.37 | OK | |
r-devel-linux-x86_64-fedora-clang | 1.7.3 | 159.15 | NOTE | |||
r-devel-linux-x86_64-fedora-gcc | 1.7.3 | 140.28 | NOTE | |||
r-devel-windows-ix86+x86_64 | 1.7.3 | 187.00 | 103.00 | 290.00 | OK | |
r-patched-linux-x86_64 | 1.7.3 | 54.94 | 32.72 | 87.66 | OK | |
r-patched-solaris-x86 | 1.7.3 | 137.10 | NOTE | |||
r-release-linux-x86_64 | 1.7.3 | 57.93 | 32.82 | 90.75 | OK | |
r-release-macos-x86_64 | 1.7.3 | NOTE | ||||
r-release-windows-ix86+x86_64 | 1.7.3 | 187.00 | 83.00 | 270.00 | OK | |
r-oldrel-macos-x86_64 | 1.7.3 | NOTE | ||||
r-oldrel-windows-ix86+x86_64 | 1.7.3 | 138.00 | 100.00 | 238.00 | OK |
Version: 1.7.3
Check: Rd cross-references
Result: NOTE
Undeclared package ‘httr’ in Rd xrefs
Flavor: r-devel-linux-x86_64-fedora-clang
Version: 1.7.3
Check: data for non-ASCII characters
Result: NOTE
Note: found 488 marked UTF-8 strings
Flavors: r-devel-linux-x86_64-fedora-clang, r-devel-linux-x86_64-fedora-gcc, r-patched-solaris-x86, r-release-macos-x86_64, r-oldrel-macos-x86_64