Last updated on 2020-08-19 01:50:21 CEST.
Flavor | Version | Tinstall | Tcheck | Ttotal | Status | Flags |
---|---|---|---|---|---|---|
r-devel-linux-x86_64-debian-clang | 0.2.0 | 4.51 | 133.78 | 138.29 | OK | |
r-devel-linux-x86_64-debian-gcc | 0.2.0 | 3.90 | 98.76 | 102.66 | OK | |
r-devel-linux-x86_64-fedora-clang | 0.2.0 | 172.60 | NOTE | |||
r-devel-linux-x86_64-fedora-gcc | 0.2.0 | 158.67 | NOTE | |||
r-devel-windows-ix86+x86_64 | 0.2.0 | 20.00 | 176.00 | 196.00 | OK | |
r-patched-linux-x86_64 | 0.2.0 | 4.46 | 130.24 | 134.70 | OK | |
r-patched-solaris-x86 | 0.2.0 | 213.40 | NOTE | |||
r-release-linux-x86_64 | 0.2.0 | 4.40 | 129.73 | 134.13 | OK | |
r-release-macos-x86_64 | 0.2.0 | NOTE | ||||
r-release-windows-ix86+x86_64 | 0.2.0 | 16.00 | 136.00 | 152.00 | OK | |
r-oldrel-macos-x86_64 | 0.2.0 | NOTE | ||||
r-oldrel-windows-ix86+x86_64 | 0.2.0 | 9.00 | 172.00 | 181.00 | OK |
Version: 0.2.0
Check: dependencies in R code
Result: NOTE
Namespaces in Imports field not imported from:
‘matrixcalc’ ‘saemix’
All declared Imports should be used.
Flavors: r-devel-linux-x86_64-fedora-clang, r-devel-linux-x86_64-fedora-gcc, r-patched-solaris-x86, r-release-macos-x86_64, r-oldrel-macos-x86_64