CRAN Package Check Results for Package vegclust

Last updated on 2020-08-19 01:50:21 CEST.

Flavor Version Tinstall Tcheck Ttotal Status Flags
r-devel-linux-x86_64-debian-clang 1.7.7 30.48 134.37 164.85 OK
r-devel-linux-x86_64-debian-gcc 1.7.7 21.06 101.02 122.08 OK
r-devel-linux-x86_64-fedora-clang 1.7.7 218.46 NOTE
r-devel-linux-x86_64-fedora-gcc 1.7.7 197.39 OK
r-devel-windows-ix86+x86_64 1.7.7 74.00 248.00 322.00 OK
r-patched-linux-x86_64 1.7.7 25.78 130.49 156.27 OK
r-patched-solaris-x86 1.7.7 259.40 OK
r-release-linux-x86_64 1.7.7 22.51 132.03 154.54 OK
r-release-macos-x86_64 1.7.7 OK
r-release-windows-ix86+x86_64 1.7.7 76.00 182.00 258.00 OK
r-oldrel-macos-x86_64 1.7.7 OK
r-oldrel-windows-ix86+x86_64 1.7.7 53.00 243.00 296.00 OK

Check Details

Version: 1.7.7
Check: Rd cross-references
Result: NOTE
    Undeclared packages ‘mclust’, ‘e1071’ in Rd xrefs
Flavor: r-devel-linux-x86_64-fedora-clang