Last updated on 2020-08-19 01:50:21 CEST.
Flavor | Version | Tinstall | Tcheck | Ttotal | Status | Flags |
---|---|---|---|---|---|---|
r-devel-linux-x86_64-debian-clang | 2.1 | 116.84 | 103.57 | 220.41 | NOTE | |
r-devel-linux-x86_64-debian-gcc | 2.1 | 105.75 | 80.93 | 186.68 | NOTE | |
r-devel-linux-x86_64-fedora-clang | 2.1 | 313.82 | NOTE | |||
r-devel-linux-x86_64-fedora-gcc | 2.1 | 304.66 | NOTE | |||
r-devel-windows-ix86+x86_64 | 2.1 | 298.00 | 242.00 | 540.00 | NOTE | |
r-patched-linux-x86_64 | 2.1 | 118.30 | 103.74 | 222.04 | NOTE | |
r-patched-solaris-x86 | 2.1 | 314.80 | NOTE | |||
r-release-linux-x86_64 | 2.1 | 117.62 | 103.70 | 221.32 | NOTE | |
r-release-macos-x86_64 | 2.1 | NOTE | ||||
r-release-windows-ix86+x86_64 | 2.1 | 297.00 | 180.00 | 477.00 | NOTE | |
r-oldrel-macos-x86_64 | 2.1 | NOTE | ||||
r-oldrel-windows-ix86+x86_64 | 2.1 | 215.00 | 240.00 | 455.00 | NOTE |
Version: 2.1
Check: for GNU extensions in Makefiles
Result: NOTE
GNU make is a SystemRequirements.
Flavors: r-devel-linux-x86_64-debian-clang, r-devel-linux-x86_64-debian-gcc, r-devel-linux-x86_64-fedora-clang, r-devel-linux-x86_64-fedora-gcc, r-devel-windows-ix86+x86_64, r-patched-linux-x86_64, r-patched-solaris-x86, r-release-linux-x86_64, r-release-macos-x86_64, r-release-windows-ix86+x86_64, r-oldrel-macos-x86_64, r-oldrel-windows-ix86+x86_64
Version: 2.1
Check: installed package size
Result: NOTE
installed size is 33.2Mb
sub-directories of 1Mb or more:
libs 32.4Mb
Flavors: r-devel-linux-x86_64-fedora-clang, r-release-macos-x86_64, r-oldrel-macos-x86_64
Version: 2.1
Check: dependencies in R code
Result: NOTE
Namespace in Imports field not imported from: ‘sqldf’
All declared Imports should be used.
Flavors: r-devel-linux-x86_64-fedora-clang, r-devel-linux-x86_64-fedora-gcc, r-patched-solaris-x86, r-release-macos-x86_64, r-oldrel-macos-x86_64