CRAN Package Check Results for Package visvow

Last updated on 2020-08-19 01:50:21 CEST.

Flavor Version Tinstall Tcheck Ttotal Status Flags
r-devel-linux-x86_64-debian-clang 0.9.0 18.93 114.56 133.49 OK
r-devel-linux-x86_64-debian-gcc 0.9.0 14.66 86.25 100.91 OK
r-devel-linux-x86_64-fedora-clang 0.9.0 167.03 NOTE
r-devel-linux-x86_64-fedora-gcc 0.9.0 155.95 OK
r-devel-windows-ix86+x86_64 0.9.0 47.00 164.00 211.00 OK
r-patched-linux-x86_64 0.9.0 15.34 111.12 126.46 OK
r-patched-solaris-x86 0.9.0 207.50 OK
r-release-linux-x86_64 0.9.0 16.34 111.76 128.10 OK
r-release-macos-x86_64 0.9.0 OK
r-release-windows-ix86+x86_64 0.9.0 42.00 117.00 159.00 WARN
r-oldrel-macos-x86_64 0.9.0 OK
r-oldrel-windows-ix86+x86_64 0.9.0 30.00 115.00 145.00 OK

Check Details

Version: 0.9.0
Check: package dependencies
Result: NOTE
    Imports includes 21 non-default packages.
    Importing from so many packages makes the package vulnerable to any of
    them becoming unavailable. Move as many as possible to Suggests and
    use conditionally.
Flavor: r-devel-linux-x86_64-fedora-clang

Version: 0.9.0
Check: R files for syntax errors
Result: WARN
    Warning in file 'R/visvow.R':
     unable to translate 'bark: Traunm<U+00FC>ller (1990)' to native encoding
Flavor: r-release-windows-ix86+x86_64