CRAN Package Check Results for Package wactor

Last updated on 2020-08-19 01:50:21 CEST.

Flavor Version Tinstall Tcheck Ttotal Status Flags
r-devel-linux-x86_64-debian-clang 0.0.1 3.24 36.96 40.20 OK
r-devel-linux-x86_64-debian-gcc 0.0.1 2.46 27.66 30.12 OK
r-devel-linux-x86_64-fedora-clang 0.0.1 56.32 NOTE
r-devel-linux-x86_64-fedora-gcc 0.0.1 45.55 NOTE
r-devel-windows-ix86+x86_64 0.0.1 12.00 64.00 76.00 OK
r-patched-linux-x86_64 0.0.1 3.44 35.37 38.81 OK
r-patched-solaris-x86 0.0.1 69.00 NOTE
r-release-linux-x86_64 0.0.1 3.36 35.56 38.92 OK
r-release-macos-x86_64 0.0.1 NOTE
r-release-windows-ix86+x86_64 0.0.1 16.00 48.00 64.00 OK
r-oldrel-macos-x86_64 0.0.1 NOTE
r-oldrel-windows-ix86+x86_64 0.0.1 6.00 61.00 67.00 OK

Check Details

Version: 0.0.1
Check: dependencies in R code
Result: NOTE
    Namespaces in Imports field not imported from:
     ‘Matrix’ ‘R6’
     All declared Imports should be used.
Flavors: r-devel-linux-x86_64-fedora-clang, r-devel-linux-x86_64-fedora-gcc, r-patched-solaris-x86, r-release-macos-x86_64, r-oldrel-macos-x86_64